 8 = 6*x. Suppose -379 = -x*b - 69. What are the prime factors of b?
5, 31
Let y(v) = -v**3 - 21*v**2 - 42*v - 767. What are the prime factors of y(-41)?
3, 5, 461
Let r = -2 + -1. Let h(m) = -64*m - 4. Let k(g) = -37*g - 4. Let y(s) = 2*h(s) - 3*k(s). What are the prime factors of y(r)?
5, 11
Let k(i) = -53*i + 161. Let w(g) = -18*g + 54. Let m(u) = -3*k(u) + 8*w(u). What are the prime factors of m(7)?
2, 3
Suppose -4*f + 7 = -1. Let g = -593 - -731. Suppose -4*r = 3*j - 6*j - 279, f*r - 2*j - g = 0. List the prime factors of r.
2, 3
Let q(s) = 4*s + 22. Let g be q(-5). Suppose g*j + 221 = -21. Let i = j - -223. List the prime factors of i.
2, 3, 17
Let f(k) = 31*k**2 + 28*k - 628. What are the prime factors of f(-22)?
2, 5, 43
Suppose -2*a = 5*n - 44166, 3*n = -a + 29393 - 2894. What are the prime factors of n?
2, 3, 23
Suppose -13488 = -37*d + 6492. Let t = -342 + d. What are the prime factors of t?
2, 3, 11
Let u(f) = -5*f - 14. Let j be u(7). Let i = j + 54. Suppose 4*z + i*a - 175 = 0, 4*a + 165 = 3*z + a. What are the prime factors of z?
2, 5
Let k(c) = 107*c**3 + 4*c**2 - 13*c + 21. Let l be k(3). Let u = -1259 + l. List the prime factors of u.
2, 103
Suppose 6*z - 5*o = 11*z - 155, -4*z + 4*o = -140. Let g(i) = -i**3 + 33*i**2 - i + 46. List the prime factors of g(z).
13
Let v be 308/56*(2 - 0). Let l(b) = -4*b**2 + b - 1. Let m be l(-3). List the prime factors of (v*9)/((-30)/m).
2, 3, 11
Let s(z) = z**3 - 97*z**2 + 464*z + 421. List the prime factors of s(95).
3, 2939
Let b = 6448 - 650. What are the prime factors of b?
2, 13, 223
Suppose -308*l + 413*l - 1861965 = 0. List the prime factors of l.
3, 23, 257
Let g be (-42 + 6)/(-4) - (4 - 1). Suppose 5*u + 1072 = 4*z, -1048 = -10*z + g*z - u. List the prime factors of z.
263
Let y be 10/45 - (-2210)/18. Suppose -121*k = -y*k - 566. Let j = 526 + k. What are the prime factors of j?
3
Let l(y) = y**2 + 17*y - 13. Let s be l(-18). Suppose z + 1509 = s*n, 7*z - 2*z + 1203 = 4*n. What are the prime factors of n?
2, 151
Suppose -4*l - 2*u = -86543 - 14865, 50680 = 2*l - 5*u. List the prime factors of l.
2, 3, 5, 13
Let l = 31 + -29. Suppose 0 = 3*j + 4*a - 8*a - 3051, -4*a = -l*j + 2030. What are the prime factors of j?
1021
Let s be 0 + 2/(-2) + 482. Let x be (4 - 77/22)/(3/36). Suppose -5*q = n - s, 4*n + x = q - 107. What are the prime factors of q?
97
Suppose 24 = 72*f - 66*f. Suppose -2*x = 3*x + 4*u - 439, f*u = 2*x - 170. What are the prime factors of x?
3, 29
Let f(c) = 1898*c + 339. What are the prime factors of f(6)?
3, 1303
Let q(a) = 100*a - 298. Let m = 330 - 312. What are the prime factors of q(m)?
2, 751
Suppose 31*x = 68*x - 29*x - 192944. What are the prime factors of x?
2, 31, 389
Let n(t) = 3*t**2 - 10*t + 14. Let m be n(4). What are the prime factors of 15726/m - 0 - 4/(-22)?
5, 11, 13
Let t(y) = -23*y + 5*y - 6*y - 4. Let f = -532 - -529. What are the prime factors of t(f)?
2, 17
Let y(d) = -d**3 - 25*d**2 - 83*d - 127. List the prime factors of y(-30).
6863
Let w(c) = c**2 - c. Suppose 6*p - 14*p = 32. Let s be w(p). List the prime factors of (-732)/(-16) + s/16.
47
Let m(r) be the first derivative of 13*r**3/3 - 11*r + 1. List the prime factors of m(-3).
2, 53
Suppose -5*x + 7*g - 32099 = -238422, g = -5*x + 206371. What are the prime factors of x?
149, 277
Suppose 0 = 3*t - 2*y - 21, -2*y - 14 = -t - 3. Suppose -d + q = -73 - 28, t*d - 4*q - 505 = 0. What are the prime factors of d?
101
What are the prime factors of (-4)/7 + (-487392)/(-168)*4?
2, 3, 967
Let n(l) be the first derivative of 3*l**2/2 + 8*l - 33. Let i be n(-6). What are the prime factors of 4/i - 8638/(-70)?
3, 41
Suppose 0 = -2*y - 5*t + 103540, -t - 202375 = -3*y - 47099. What are the prime factors of y?
2, 5, 647
Suppose 1669*j - 5359800 = 1569*j. List the prime factors of j.
2, 3, 8933
What are the prime factors of (-6)/(-8) + 111355950/2040?
13, 17, 19
Let w(o) = 662*o + 1948. List the prime factors of w(14).
2, 701
Let x(g) = 5*g**2 - 20*g + 838. List the prime factors of x(-30).
2, 2969
Suppose 0 = 69*j - 77*j + 40. List the prime factors of 126 + (8 - j) + (1 - 2).
2
List the prime factors of -5 - (-32)/12*248733/58.
7, 23, 71
Suppose -16*l + 33*l - 143718 = 0. What are the prime factors of l?
2, 3, 1409
Let x be 1*3462/24 - (-2)/(-8). Let a = -68 + x. Let o = a - 38. List the prime factors of o.
2, 19
Let k be ((-13424)/(-10))/(22/55). Suppose -371 + k = 5*h. List the prime factors of h.
3, 199
Let b(w) = 2*w**2 - 24*w + 19. Let i(j) = -4*j**2 - 2*j**2 - 2*j - 32 + 6*j**2 + j**2. Let t be i(8). List the prime factors of b(t).
3, 7
Let j be -4 + 2/1 - (-49)/7. Suppose -3*o = 5*h - 14, j*h + o = -2 + 20. List the prime factors of 2 + 110 + (5 - h).
113
Let h = -5429 + 6091. List the prime factors of h.
2, 331
Let c(i) = -21*i + 3. Let b be c(1). Let a be 0 + -2 - (b + 3)/3. Suppose 0*w + a*w - 5*v = 479, 173 = w + v. What are the prime factors of w?
2, 3, 7
Let u = 15375 + 64740. What are the prime factors of u?
3, 5, 7, 109
Let m(d) = -311*d**3 - 27*d - 72. What are the prime factors of m(-3)?
2, 3, 467
Suppose 25*l - 20007 = 28743. What are the prime factors of l?
2, 3, 5, 13
Suppose -2556 + 95805 = 39*q. What are the prime factors of q?
3, 797
Let f be (21/(-2))/((-11)/22). Suppose f = 5*v - 4. Suppose 0 = v*j - 197 - 173. What are the prime factors of j?
2, 37
Suppose 583*l - 582*l + z = 19994, -4*z = 2*l - 39984. What are the prime factors of l?
2, 4999
Suppose 1005*m + 505727 = 1041*m + 62135. What are the prime factors of m?
2, 61, 101
Let t = -211 + 215. Suppose 495 = t*x - 3*g, -x = -3*g + g - 125. What are the prime factors of x?
3, 41
Let v = 37867 + 20951. What are the prime factors of v?
2, 3, 9803
Let h(k) = -61*k - 4. Let a be h(1). Let l = 69 + a. What are the prime factors of 7*(4 + -3)*5*l?
2, 5, 7
Let l(r) = 5*r**3 + 138*r**2 + 45*r + 104. List the prime factors of l(-19).
2, 3, 1231
Let k = 1337 + -668. Suppose -3*a + k = 2*p - 1085, -5*p - a + 4398 = 0. List the prime factors of p.
2, 5, 11
Let q = 779 + 12941. What are the prime factors of q?
2, 5, 7
Let w = 187514 + -129632. What are the prime factors of w?
2, 3, 11, 877
Suppose 4*x + x + 50 = 0. Let y(s) = -3*s + 27. Let f be y(14). What are the prime factors of (-457)/(-4) + x/(200/f)?
5, 23
Let g(w) = w**2 - 6*w + 294. Let d = -979 - -992. List the prime factors of g(d).
5, 7, 11
Let d(k) = 2*k**2 + 80*k - 536. What are the prime factors of d(33)?
2, 2141
Suppose 0*w - 3*w + 2103 = 3*h, 5*w = -4*h + 2807. Let s = h + -451. What are the prime factors of s?
13, 19
Suppose -3*i - 818 = -m, -23*m + 3*i + 2442 = -20*m. Suppose c - 350 - m = 0. List the prime factors of c.
2, 7, 83
Suppose 0 = 3*k + 5*n - 120, 2*k - 5*n - 64 = -3*n. Suppose 1458 = -32*o + k*o. List the prime factors of o.
2, 3
Let f be 2284 + (-12)/(-3) - 1. Suppose -147 = 5*w - f. What are the prime factors of w?
2, 107
Let o = 2342 + 5703. What are the prime factors of o?
5, 1609
What are the prime factors of 39316 - (-5 + 9/63*119)?
2, 17
Let k(h) = h**3 - 9*h**2 - 11*h + 12. Let m be k(10). Suppose -2*p + 10 = 0, 5*l - m*p = 2*p + 630. Let g = 250 - l. What are the prime factors of g?
2, 3, 5
Let v(u) = -4*u + 85. Let l be -2 - 7/(0 + -1). Suppose 0 = -4*z + l*z. What are the prime factors of v(z)?
5, 17
Let n(b) = b**2 - 19. Let w(p) = -2*p + 10. Let q be 2/(-4)*(10 - 10). Let x be w(q). List the prime factors of n(x).
3
Suppose -5*s - 352 = i, 0 = 3*s - 5*i - 1 + 201. Let n = 214 + s. Let z = n + -94. List the prime factors of z.
2, 5
List the prime factors of -7427*(-12)/72 - (-3)/18.
2, 619
Suppose 8*s + 124 = 12*s. Suppose 28*l = s*l - 18. Suppose -5*n - l = -4*k - 221, 4*n - 172 = -4*k. What are the prime factors of n?
43
Suppose 33 = 2*m + 93. What are the prime factors of (-1)/(-6) + 5/m - -167?
167
Suppose 31*g - 37*g + 18 = 0. Suppose 4*i + 622 = 3*c - c, -2*i + 925 = g*c. What are the prime factors of c?
3, 103
Let a(c) = -c**3 - 6*c**2 - 6*c + 15238. What are the prime factors of a(0)?
2, 19, 401
Let m(s) = 61*s + 131. Let v be m(12). Let t = v + -350. What are the prime factors of t?
3, 19
Let a = -407 - -403. What are the prime factors of (0 - -2)/(a/(-2182))?
1091
Let n be (-2)/5 - (-494)/10. Let f = 70 - n. Suppose -17*q + f*q - 480 